g, 3*g + 2*a = 77. What is the units digit of g?
7
Let x = 1105 + -619. What is the units digit of x?
6
What is the units digit of 1/(2/145)*(1 + 1)?
5
Let g = 7 + -3. Let d be (4 - 7)/(6/g). What is the tens digit of (d - -36)/(6/3)?
1
Suppose 0 = 2*h + 2*h - 36. Suppose -1 = p + m, 0 = 2*p + p + 5*m + h. Suppose 0*k - 42 = -p*k. What is the units digit of k?
1
Suppose -1 = -2*c + 5. Suppose 4*b = c*b. Suppose -3*i + 0*y = -y - 16, b = -i + 5*y + 24. What is the units digit of i?
4
Let v(y) = 12*y - 9. Let m be v(3). Suppose -3*g = -5*g, 3*i = 5*g + m. Suppose i*l - 364 = 2*l. What is the units digit of l?
2
Suppose 0 = -w, 2*w = 46*f - 45*f - 3539. What is the tens digit of f?
3
Suppose 1747 = 5*r - 3*d, 5 = -0*d + 5*d. What is the hundreds digit of r?
3
Suppose 2*v + 36*a - 1035 = 31*a, 4*v - 5*a - 2085 = 0. What is the tens digit of v?
2
Let x = 8240 - 3958. What is the hundreds digit of x?
2
Let h = -14 - -8. What is the units digit of (1*h)/((-24)/160)?
0
Let k(a) = 12*a**2 - 146*a - 37. What is the tens digit of k(20)?
4
Let s(o) = 826*o**2 + 4*o - 3. What is the hundreds digit of s(1)?
8
Let s = 1877 - -220. What is the units digit of s?
7
Suppose 5*q - 4*i + 2*i = 75, -4*q + i = -60. Suppose 7*v - q = 13. Suppose 5*w = 4*g - 53, v*g - 60 = g - 3*w. What is the units digit of g?
7
Let q(j) = 12*j**3 - 2*j**2 - 3*j - 3. Let s be q(3). What is the tens digit of (1 - 29)*s/(-56)?
4
Suppose n = -3*b + 1027, 2*b - b - 3*n - 339 = 0. Suppose 2*d - b = -l - l, 2*d - 5*l - 349 = 0. What is the units digit of d/10 - (-7)/(-35)?
7
Suppose -2*y + g + 9 = 0, -5*y - 3*g - 1 = -7. Suppose 18 = -0*z + y*z - 4*w, 0 = -2*w. What is the tens digit of (-8)/z - 528/(-18)?
2
Suppose 0 = -2*c - c + 12. Suppose -c*v = 2*o, o = 4*v + 4*o + 4. Suppose 36 = v*d - 16. What is the units digit of d?
6
Let n(s) = 13*s**2 - 76*s - 19. What is the thousands digit of n(-12)?
2
Let c(i) = 3*i**2 - 8*i + 28. Let b be c(-8). Let g = b - 183. What is the hundreds digit of g?
1
Let l(c) = c + 17. Let p be l(-14). Suppose 0 = p*s - 330 + 108. What is the tens digit of s?
7
Let c(y) = -88*y - 356. What is the thousands digit of c(-41)?
3
Suppose -224*w + 231*w = 238. What is the units digit of w?
4
Let d(r) = -r. Let w be d(-2). Suppose 2*s + 3*s = -w*h + 703, 4*h - 433 = -3*s. What is the hundreds digit of s?
1
Suppose 0 = 4*f - 4 - 104. Suppose -u = 2*u - f. What is the units digit of u?
9
Let b(r) = -606*r - 286. What is the units digit of b(-3)?
2
Let c = 260 + 323. What is the units digit of c?
3
Let d(i) = 60*i**3 - i**2 + i. Let y be d(1). Suppose -5*u = 3*m - u + 10, 4*u = 5*m - 26. Suppose -3*r = m*r - y. What is the units digit of r?
2
Let i(t) = -5*t + 25. Let f be i(4). Let s(n) be the third derivative of -n**6/120 + n**5/10 - n**4/6 + n**3/2 + n**2. What is the units digit of s(f)?
8
Let l(h) = -3*h - 9. Let n be l(-5). Let b be (-42)/(-8) + n/(-24). Suppose 4*y - 2*p + 4*p = 140, -2*y - b*p + 70 = 0. What is the tens digit of y?
3
Let p(n) be the third derivative of -n**4/4 - 7*n**3/3 - 18*n**2. What is the tens digit of p(-4)?
1
Let u = 1091 - -508. What is the tens digit of u?
9
Let g = -20 - -12. What is the units digit of (g/(-24))/((-2)/(-174))?
9
Let h(a) be the first derivative of 2*a**3/3 - 7*a**2/2 + 2. Let z be h(5). What is the units digit of 369/15 - z/25?
4
Suppose -2*h - 3*o = -243, 2*h - 5*o = -2*h + 431. Suppose -2*i + 6*i + l = h, 3*i + 3*l = 90. Suppose i + 72 = 5*s. What is the tens digit of s?
2
Let j(p) = 6*p**2 + 5*p - 12. Let n(t) = 5*t**2 + 4*t - 11. Let v(l) = 4*j(l) - 5*n(l). Let c be v(-6). Let f = -10 - c. What is the tens digit of f?
1
Let b be 34 - 18 - (-2 - -1). Suppose 19*u = b*u + 158. What is the tens digit of u?
7
Let f = 429 + -257. Let d = f - 54. What is the units digit of d?
8
Suppose -2*u + 488 = 3*i - 291, -i = -5*u + 1956. What is the units digit of u?
1
Let h = 1024 - 684. What is the units digit of h?
0
Let b(j) = -j**3 + 33*j**2 - 5*j + 15. What is the hundreds digit of b(11)?
6
Suppose 14*k = -0*k - 70. Let x(y) = 18*y + 2. Let f(z) = z. Let q(o) = 6*f(o) - x(o). What is the tens digit of q(k)?
5
Suppose -866 + 188 = -v. What is the hundreds digit of v?
6
Suppose 13*d - 8*d - 6308 = -l, -9 = -3*l. What is the hundreds digit of d?
2
Let u(w) = 8*w - w - 2*w + 37 - 3*w. What is the tens digit of u(15)?
6
Let z(x) = -4*x**2 + x**2 - 7 + 7*x**2 + 5*x. What is the hundreds digit of z(-7)?
1
Let q be 10/(-3)*(-510)/25. Suppose -8*t + 9*t - q = 0. Suppose 0*j + 4*j - t = 0. What is the tens digit of j?
1
Let y = 20 - 15. Suppose -a - 2*s + 71 = -22, 3*a - y*s - 334 = 0. What is the tens digit of a?
0
Let j(m) = -14*m + 2. Let z be j(-2). Let f = z - 26. Suppose -f*t + 195 = t. What is the units digit of t?
9
Suppose -6*u = -3*u - 4*i - 1507, u - 505 = 4*i. What is the hundreds digit of u?
5
Let w(o) = o**3 + 9*o**2 + o + 11. Let r be w(-9). Suppose 7 = -r*y + 5. What is the units digit of 11/(-44)*292/y?
3
Suppose -2*x - 1 + 9 = 0. Let w = -106 + 98. What is the units digit of 28/2 - (x + w)?
8
Let r(t) = 15*t - 13. Let q be r(5). Suppose -2*l = -4*f - q, -19 = -l - 2*f - 0*f. What is the units digit of l?
5
Let g(a) = 117*a**2 - 4*a + 3. Let c be (-3 - -3) + (-2 - 1)/(-3). What is the tens digit of g(c)?
1
Let b(r) = -r**3 + 3*r**2 + 4*r - 9. Let q be b(4). Let d be 56/q + 8/36. Let u(v) = -v**2 - 8*v + 13. What is the units digit of u(d)?
5
Let b = 516 + -261. Suppose 4*w + w - b = 0. Suppose -3*u + 6*u = w. What is the tens digit of u?
1
Let z(o) = o**3 - 3*o**2 + 4*o + 1. Suppose 1 + 14 = 5*i. Let v be z(i). Suppose -39 - v = -2*a. What is the tens digit of a?
2
Suppose -4*z = -12, 2*u + 3*z = -0*u + 17. Suppose u*y = 1130 - 198. What is the units digit of y?
3
Let f(i) = i - 9. Let t be f(7). Let s(r) = 5*r**2 + r + 2. Let m be s(t). Suppose m = 12*l - 8*l. What is the units digit of l?
5
Suppose -9*p + 3*p = -18. Suppose 3*l - o - 338 = -p*o, 4*l + 2*o - 454 = 0. What is the hundreds digit of l?
1
What is the units digit of (-1)/(-4) - (-17413)/44?
6
Let t be 5551/(-35) - 4/10. Let o = -74 - t. What is the units digit of o?
5
Let u(d) = 11*d - 1. Let g(y) be the third derivative of y**4/24 - y**3/6 + 6*y**2. Let k(n) = -2*g(n) - 2*u(n). What is the tens digit of k(-2)?
5
Let z(v) = 3*v + 1. Let n(l) = -9*l - 12. Let k(o) = n(o) + 2*z(o). Let f = -1 - 4. What is the units digit of k(f)?
5
Suppose -3*o = -0*o + 9. Let c(i) = -3*i**3 + 3*i**2 + 7. What is the hundreds digit of c(o)?
1
Suppose -5*o + 510 = 4*f, -5*o - 3*f = -8*f - 510. What is the tens digit of o?
0
Let i(u) be the second derivative of 0 + u**2 - 2/3*u**3 + 6*u. What is the units digit of i(-5)?
2
Suppose 0 = -325*b + 317*b + 6832. What is the hundreds digit of b?
8
What is the units digit of -8 + (9 - -226) + -4?
3
Suppose -2*w + 3 = z, 4 = -3*z - w + 38. Let k = z + -13. Suppose 5*j + 3 - 23 = k. What is the units digit of j?
4
Let a(r) = -r**2 - 5*r. Let j be a(-4). Suppose -4*d - 440 = -11*f + 7*f, -j*d = f - 115. What is the hundreds digit of f?
1
Let h(z) = 33 + 18*z - 17 + 25. What is the units digit of h(13)?
5
Let q(k) = k**3 - 5*k**2 - k - 4. Let d be q(5). Let r be (-11)/44 - d/4. Suppose 0 = r*y + 3*y - 175. What is the tens digit of y?
3
Suppose 4*d = -4*z + 1416, 1414 = 4*z + 2*d - 0*d. What is the tens digit of z?
5
Let m(g) = -13*g**2 + 5*g - 59. Let x(j) = -3*j**2 + j - 15. Let w(r) = -2*m(r) + 9*x(r). Let s be w(8). Let u = -44 - s. What is the tens digit of u?
4
What is the tens digit of 4236/2*(-34)/(-102)?
0
Let w be 2/((-24)/15 + 2). Suppose -4*j - 576 + 189 = -w*i, 2*j = -2*i + 162. Let z = i - 53. What is the units digit of z?
6
Let x(q) = -q**3 + 6*q**2 - 6*q - 4. Let s be x(4). Suppose s*i - 18 = 2*i. Suppose -10*y + 17 = -i*y. What is the tens digit of y?
1
Suppose -7*b + 876 = -34. Let c = b - -25. What is the hundreds digit of c?
1
Let y(m) = m**2 + 2*m - 13. Suppose 4*w - 3*i + 45 = 0, 0 = 4*w - 4*i - 27 + 75. What is the tens digit of y(w)?
5
Let k = 2365 - 896. What is the hundreds digit of k?
4
Let b(m) = -3*m + 2. Let c be b(3). Let i(n) = n + 30. Let j be i(13). Let k = j + c. What is the tens digit of k?
3
Let a = 37 - 14. Let n be ((-5)/(-2))/(5/8). Suppose f - a = n. What is the units digit of f?
7
Let i(m) = 1